{"id":2516,"date":"2025-07-17T13:39:34","date_gmt":"2025-07-17T10:39:34","guid":{"rendered":"http:\/\/www.aiarthistorylab.com\/?page_id=2516"},"modified":"2025-07-17T13:39:34","modified_gmt":"2025-07-17T10:39:34","slug":"ws-2023","status":"publish","type":"page","link":"https:\/\/www.ststurkey.net\/?page_id=2516","title":{"rendered":"WS 2023"},"content":{"rendered":"<p><img decoding=\"async\" src=\"http:\/\/www.ststurkey.net\/wp-content\/uploads\/2016\/05\/ststurkey-kisokulu23.jpeg\" alt=\"\"><\/p>\n<div>\n<p class=\"p2\"><em><span class=\"s1\">D\u00fczenleyenler \/ Organizers: Melike \u015eahinol, Emine \u00d6nc\u00fcler Yayalar,\u00a0 \u015eafak K\u0131l\u0131\u00e7tepe, Arsev Umur Ayd\u0131no\u011flu, Erkan Saka<br \/><\/span><\/em><\/p>\n<p class=\"p2\"><em><span class=\"s1\">Destekleyen \/ Supporter: Orient-Institut Istanbul<\/span><\/em><\/p>\n<p class=\"p2\"><em><span class=\"s1\">Yer \/ Venue: Orient-Institut Istanbul, Susam Sokak 16 D.7, Beyo\u011flu \/ Istanbul<\/span><\/em><\/p>\n<p class=\"p3\"><em><span class=\"s1\">*Dersler T\u00fcrk\u00e7e olarak yap\u0131lacakt\u0131r. \/ The lectures will be held in Turkish.<\/span><\/em><\/p>\n<p class=\"p5\"><span class=\"s1\">STS TURKEY Bilim ve Teknoloji \u00c7al\u0131\u015fmalar\u0131 (STS) Ara\u015ft\u0131rma A\u011f\u0131, \u00fclkemizde Bilim ve Teknoloji \u00c7al\u0131\u015fmalar\u0131 alan\u0131nda ara\u015ft\u0131rma ve e\u011fitim faaliyetlerini te\u015fvik ederek alan\u0131n g\u00f6r\u00fcn\u00fcrl\u00fc\u011f\u00fcn\u00fc ve yayg\u0131nl\u0131\u011f\u0131n\u0131 art\u0131rmak amac\u0131yla \u00e7al\u0131\u015fmalar\u0131na devam etmektedir. STS TURKEY K\u0131\u015f Okulu, STS alan\u0131n\u0131n temel teorik \u00e7er\u00e7evelerini, \u00f6nemli kavramlar\u0131n\u0131 ve ilgili tart\u0131\u015fmalar\u0131n\u0131 alana giri\u015f d\u00fczeyinde aktarmak gayesiyle, ilki 2019 Ocak ay\u0131nda Orient-Institut \u0130stanbul\u2019un deste\u011fiyle \u0130stanbul\u2019da,\u00a0 sonrakiler s\u0131ras\u0131yla Bilkent \u00dcniversitesi, ODT\u00dc Tasar\u0131m Fabrikas\u0131 ve \u0130stanbul Bilgi \u00dcniversitesi, Yeni Medya ve \u0130leti\u015fim B\u00f6l\u00fcm\u00fc deste\u011fi ile d\u00fczenlenmi\u015ftir.<\/span><\/p>\n<p class=\"p6\"><span class=\"s1\">Orient-Institut Istanbul deste\u011fi ile be\u015finci STS TURKEY Bilim, Teknoloji ve Toplum K\u0131\u015f Okulu, <\/span><span class=\"s2\"><em>30-31 Ocak 2023<\/em> tarih<\/span><span class=\"s1\">lerinde ger\u00e7ekle\u015ftirilecektir. \u0130ki g\u00fcn s\u00fcrecek olan e\u011fitim boyunca, farkl\u0131 disiplinlerden ara\u015ft\u0131rmac\u0131 ve akademisyenler STS ile ilgili kuramsal ve metod dersleri verecektir. Programda kat\u0131l\u0131mc\u0131lar\u0131n ara\u015ft\u0131rma konular\u0131n\u0131n tart\u0131\u015f\u0131lmas\u0131na da yer ayr\u0131lacakt\u0131r. <\/span>G\u00fcn boyu STS alan\u0131na dair pek \u00e7ok farkl\u0131 konunun ele al\u0131naca\u011f\u0131 e\u011fitim y\u00fcz y\u00fcze olacakt\u0131r ve \u00fccretlidir (490 TL).\u00a0 Kat\u0131lmak isteyenler ba\u015fvurular\u0131n\u0131 <a href=\"https:\/\/forms.gle\/XhKcvSBcX1N5KckV9\" target=\"_blank\" rel=\"noopener noreferrer\">buradaki form<\/a> \u00fczerinden ger\u00e7ekle\u015ftirebilir. <strong>Ba\u015fvuru al\u0131m\u0131 18 Ocak 2023<\/strong>\u2018te sonlanacakt\u0131r. Yap\u0131lan ba\u015fvurular\u0131n hepsi hakem de\u011ferlendirmesinden ge\u00e7mektedir. Kontenjan\u0131m\u0131z s\u0131n\u0131rl\u0131d\u0131r. K\u0131\u015f okuluna kat\u0131l\u0131m\u0131n \u00f6n ko\u015fulunu STS alan\u0131 ve e\u011fitimine duyulan ilginin g\u00f6sterilip gerek\u00e7elendirilmesi olu\u015fturmaktad\u0131r. Kat\u0131lmaya hak kazanan \u00f6\u011frenciler 20 Ocak 2023\u2019de websitemizde duyurulacakt\u0131r. Sorular\u0131n\u0131z\u0131 <a class=\"moz-txt-link-freetext\" href=\"mailto:info@ststurkey.net\" target=\"_blank\" rel=\"noopener noreferrer\">info@ststurkey.net<\/a> adresi \u00fczerinden bize iletebilirsiniz.<\/p>\n<p class=\"p6\"><span class=\"s1\">Ders program\u0131 ve e\u011fitmen listesini a\u015fa\u011f\u0131da bulabilirsiniz.<\/span><\/p>\n<\/p>\n<p class=\"p7\"><span class=\"s1\"><b><i>30 Ocak, Pazartesi \/ 30 January, Monday<\/i><\/b><\/span><\/p>\n<p class=\"p7\"><span class=\"s1\">9:00\u201309:30 <i>Tan\u0131\u015fma<\/i><\/span><\/p>\n<p class=\"p7\"><span class=\"s1\">9:30\u201310:30 David Bloor ve STS\u2019de \u2018G\u00fc\u00e7l\u00fc Program\u2019\u00a0 \u2013 Aydan Turanl\u0131, <\/span><span>Prof. Dr., \u0130stanbul Teknik \u00dcniversitesi<\/span><\/p>\n<p class=\"p7\"><span class=\"s1\">10:30\u201311:30 STS\u2019de Niteliksel Y\u00f6ntemler \u2013 Melike \u015eahinol, <\/span><span>Dr., Orient-Institut Istanbul<\/span><\/p>\n<p class=\"p7\"><span class=\"s1\">11:30\u201312:30 Do\u011fa ve Teknik \u2013 Eyl\u00fcl Tu\u011f\u00e7e Aln\u0131a\u00e7\u0131k \u00d6zyer \u2013 <\/span><span>Dr. \u00d6\u011fr. \u00dcyesi, T\u00fcrk-Alman \u00dcniversitesi<\/span><\/p>\n<p class=\"p7\"><span class=\"s1\">12:30\u201313:30 <i>\u00d6\u011fle yeme\u011fi<\/i><\/span><\/p>\n<p class=\"p7\"><span class=\"s1\">13:30\u201314:30 Yeni Bir Toplum: 6G, S\u00fcrd\u00fcr\u00fclebilirlik ve Hukuk \u2013 Ba\u015fak Ozan \u00d6zparlak, <\/span><span class=\"s1\">Avukat<\/span><\/p>\n<p class=\"p7\"><span class=\"s1\">14:30\u201315:30 STS`te Alternatif bir Metodoloji olarak Materyal Tarih Yaz\u0131m\u0131 \u2013 Ezgi Pehlivanl\u0131, <\/span><span class=\"s1\">Dr., Stavanger \u00dcniversitesi<\/span><\/p>\n<p class=\"p7\"><span class=\"s1\">15:30\u201315:45<i> Kahve aras\u0131<\/i><\/span><\/p>\n<p class=\"p7\"><span class=\"s1\">15:45\u201316:45 Bilim, Teknoloji ve Sanat \u2013 Emre S\u00fcnter, <\/span><span>Dr., Ba\u011f\u0131ms\u0131z Ara\u015ft\u0131rmac\u0131<\/span><\/p>\n<p class=\"p7\"><span class=\"s1\">16:45\u201317:45 Teknolojiye Antropolojik bir Bak\u0131\u015f \u2013 Erkan Saka, <\/span><span>Prof. Dr., \u0130stanbul Bilgi \u00dcniversitesi<\/span><\/p>\n<p>18:00<span class=\"s1\">\u2013<\/span>19:00 <em>Kokteyl<\/em><\/p>\n<\/p>\n<p class=\"p7\"><span class=\"s1\"><b><i>31 Ocak, Sal\u0131 \/ 31 January, Tuesday <\/i><\/b><\/span><\/p>\n<p><span class=\"s1\">9:00\u201309:30 <i>Sabah kahvesi<br \/><\/i><\/span><\/p>\n<p class=\"p7\"><span class=\"s1\">9:30\u201310:30 STS ve Feminizm \u2013 \u015eafak K\u0131l\u0131\u00e7tepe, <\/span><span class=\"s1\">\u00d6\u011fr. G\u00f6r. Dr., Ahi Evran \u00dcniversitesi <\/span><\/p>\n<p class=\"p7\"><span class=\"s1\">10:30\u201311:30 Teknoloji ve Kapitalizm \u2013 P\u0131nar Demircan, <\/span><span>Dr., Ba\u011f\u0131ms\u0131z Ara\u015ft\u0131rmac\u0131<\/span><\/p>\n<p class=\"p7\"><span class=\"s1\">11:30\u201312:00 <i>Kahve aras\u0131<\/i><\/span><\/p>\n<p class=\"p7\"><span class=\"s1\">12:00\u201313:00 T\u0131p ve Teknoloji: Biyomedikalizasyon, Ticarile\u015fme ve Cerrahi \u2013 G\u00fcl\u015fah Ba\u015fkavak, <\/span><span class=\"s1\">Dr., Misafir \u00d6\u011fr. G\u00f6r., Ac\u0131badem \u00dcniversitesi<\/span><\/p>\n<p class=\"p7\"><span class=\"s1\">13:00\u201314:00 <i>\u00d6\u011fle yeme\u011fi\/ Lunch<\/i><\/span><\/p>\n<p class=\"p7\"><span class=\"s1\">14:00\u201315:00 Geli\u015fen Teknolojileri Y\u00f6nelik STS \u00c7al\u0131\u015fmalar\u0131: Hidrojen Sistemi \u00d6rne\u011fi \u2013\u00a0 Iskender G\u00f6kalp, <\/span><span class=\"s1\">Prof. Dr., Orta Do\u011fu Teknik \u00dcniversitesi <\/span><\/p>\n<p class=\"p7\"><span class=\"s1\">15:00\u201316:00 Technology Assessment ve RRI \u2013 Arsev Umur Ayd\u0131no\u011flu, <\/span><span>Dr., Orta Do\u011fu Teknik \u00dcniversitesi<\/span><\/p>\n<\/div>\n<p><!--more--><br \/>\n<!-- {\"type\":\"layout\",\"children\":[{\"type\":\"section\",\"props\":{\"image_position\":\"center-center\",\"style\":\"default\",\"title_breakpoint\":\"xl\",\"title_position\":\"top-left\",\"title_rotation\":\"left\",\"vertical_align\":\"middle\",\"width\":\"default\"},\"children\":[{\"type\":\"row\",\"children\":[{\"type\":\"column\",\"props\":{\"image_position\":\"center-center\",\"position_sticky_breakpoint\":\"m\"},\"children\":[{\"type\":\"image\",\"props\":{\"image\":\"http:\\\/\\\/www.ststurkey.net\\\/wp-content\\\/uploads\\\/2016\\\/05\\\/ststurkey-kisokulu23.jpeg\",\"image_svg_color\":\"emphasis\",\"margin\":\"default\"}},{\"type\":\"text\",\"props\":{\"column_breakpoint\":\"m\",\"content\":\"\n\n<p class=\\\"p2\\\"><em><span class=\\\"s1\\\">D\\u00fczenleyenler \\\/ Organizers: Melike \\u015eahinol, Emine \\u00d6nc\\u00fcler Yayalar,\\u00a0 \\u015eafak K\\u0131l\\u0131\\u00e7tepe, Arsev Umur Ayd\\u0131no\\u011flu, Erkan Saka<br \\\/><\\\/span><\\\/em><\\\/p>\\n\n\n<p class=\\\"p2\\\"><em><span class=\\\"s1\\\">Destekleyen \\\/ Supporter: Orient-Institut Istanbul<\\\/span><\\\/em><\\\/p>\\n\n\n<p class=\\\"p2\\\"><em><span class=\\\"s1\\\">Yer \\\/ Venue: Orient-Institut Istanbul, Susam Sokak 16 D.7, Beyo\\u011flu \\\/ Istanbul<\\\/span><\\\/em><\\\/p>\\n\n\n<p class=\\\"p3\\\"><em><span class=\\\"s1\\\">*Dersler T\\u00fcrk\\u00e7e olarak yap\\u0131lacakt\\u0131r. \\\/ The lectures will be held in Turkish.<\\\/span><\\\/em><\\\/p>\\n\n\n<p class=\\\"p5\\\"><span class=\\\"s1\\\">STS TURKEY Bilim ve Teknoloji \\u00c7al\\u0131\\u015fmalar\\u0131 (STS) Ara\\u015ft\\u0131rma A\\u011f\\u0131, \\u00fclkemizde Bilim ve Teknoloji \\u00c7al\\u0131\\u015fmalar\\u0131 alan\\u0131nda ara\\u015ft\\u0131rma ve e\\u011fitim faaliyetlerini te\\u015fvik ederek alan\\u0131n g\\u00f6r\\u00fcn\\u00fcrl\\u00fc\\u011f\\u00fcn\\u00fc ve yayg\\u0131nl\\u0131\\u011f\\u0131n\\u0131 art\\u0131rmak amac\\u0131yla \\u00e7al\\u0131\\u015fmalar\\u0131na devam etmektedir. STS TURKEY K\\u0131\\u015f Okulu, STS alan\\u0131n\\u0131n temel teorik \\u00e7er\\u00e7evelerini, \\u00f6nemli kavramlar\\u0131n\\u0131 ve ilgili tart\\u0131\\u015fmalar\\u0131n\\u0131 alana giri\\u015f d\\u00fczeyinde aktarmak gayesiyle, ilki 2019 Ocak ay\\u0131nda Orient-Institut \\u0130stanbul\\u2019un deste\\u011fiyle \\u0130stanbul\\u2019da,\\u00a0 sonrakiler s\\u0131ras\\u0131yla Bilkent \\u00dcniversitesi, ODT\\u00dc Tasar\\u0131m Fabrikas\\u0131 ve \\u0130stanbul Bilgi \\u00dcniversitesi, Yeni Medya ve \\u0130leti\\u015fim B\\u00f6l\\u00fcm\\u00fc deste\\u011fi ile d\\u00fczenlenmi\\u015ftir.<\\\/span><\\\/p>\\n\n\n<p class=\\\"p6\\\"><span class=\\\"s1\\\">Orient-Institut Istanbul deste\\u011fi ile be\\u015finci STS TURKEY Bilim, Teknoloji ve Toplum K\\u0131\\u015f Okulu, <\\\/span><span class=\\\"s2\\\"><em>30-31 Ocak 2023<\\\/em> tarih<\\\/span><span class=\\\"s1\\\">lerinde ger\\u00e7ekle\\u015ftirilecektir. \\u0130ki g\\u00fcn s\\u00fcrecek olan e\\u011fitim boyunca, farkl\\u0131 disiplinlerden ara\\u015ft\\u0131rmac\\u0131 ve akademisyenler STS ile ilgili kuramsal ve metod dersleri verecektir. Programda kat\\u0131l\\u0131mc\\u0131lar\\u0131n ara\\u015ft\\u0131rma konular\\u0131n\\u0131n tart\\u0131\\u015f\\u0131lmas\\u0131na da yer ayr\\u0131lacakt\\u0131r. <\\\/span>G\\u00fcn boyu STS alan\\u0131na dair pek \\u00e7ok farkl\\u0131 konunun ele al\\u0131naca\\u011f\\u0131 e\\u011fitim y\\u00fcz y\\u00fcze olacakt\\u0131r ve \\u00fccretlidir (490 TL).\\u00a0 Kat\\u0131lmak isteyenler ba\\u015fvurular\\u0131n\\u0131 <a href=\\\"https:\\\/\\\/forms.gle\\\/XhKcvSBcX1N5KckV9\\\" target=\\\"_blank\\\" rel=\\\"noopener noreferrer\\\">buradaki form<\\\/a> \\u00fczerinden ger\\u00e7ekle\\u015ftirebilir. <strong>Ba\\u015fvuru al\\u0131m\\u0131 18 Ocak 2023<\\\/strong>\\u2018te sonlanacakt\\u0131r. Yap\\u0131lan ba\\u015fvurular\\u0131n hepsi hakem de\\u011ferlendirmesinden ge\\u00e7mektedir. Kontenjan\\u0131m\\u0131z s\\u0131n\\u0131rl\\u0131d\\u0131r. K\\u0131\\u015f okuluna kat\\u0131l\\u0131m\\u0131n \\u00f6n ko\\u015fulunu STS alan\\u0131 ve e\\u011fitimine duyulan ilginin g\\u00f6sterilip gerek\\u00e7elendirilmesi olu\\u015fturmaktad\\u0131r. Kat\\u0131lmaya hak kazanan \\u00f6\\u011frenciler 20 Ocak 2023\\u2019de websitemizde duyurulacakt\\u0131r. Sorular\\u0131n\\u0131z\\u0131 <a class=\\\"moz-txt-link-freetext\\\" href=\\\"mailto:info@ststurkey.net\\\" target=\\\"_blank\\\" rel=\\\"noopener noreferrer\\\">info@ststurkey.net<\\\/a> adresi \\u00fczerinden bize iletebilirsiniz.<\\\/p>\\n\n\n<p class=\\\"p6\\\"><span class=\\\"s1\\\">Ders program\\u0131 ve e\\u011fitmen listesini a\\u015fa\\u011f\\u0131da bulabilirsiniz.<\\\/span><\\\/p>\\n\n\n<p><\\\/p>\\n\n\n<p><\\\/p>\\n\n\n<p class=\\\"p7\\\"><span class=\\\"s1\\\"><b><i>30 Ocak, Pazartesi \\\/ 30 January, Monday<\\\/i><\\\/b><\\\/span><\\\/p>\\n\n\n<p class=\\\"p7\\\"><span class=\\\"s1\\\">9:00\\u201309:30 <i>Tan\\u0131\\u015fma<\\\/i><\\\/span><\\\/p>\\n\n\n<p class=\\\"p7\\\"><span class=\\\"s1\\\">9:30\\u201310:30 David Bloor ve STS\\u2019de \\u2018G\\u00fc\\u00e7l\\u00fc Program\\u2019\\u00a0 \\u2013 Aydan Turanl\\u0131, <\\\/span><span>Prof. Dr., \\u0130stanbul Teknik \\u00dcniversitesi<\\\/span><\\\/p>\\n\n\n<p class=\\\"p7\\\"><span class=\\\"s1\\\">10:30\\u201311:30 STS\\u2019de Niteliksel Y\\u00f6ntemler \\u2013 Melike \\u015eahinol, <\\\/span><span>Dr., Orient-Institut Istanbul<\\\/span><\\\/p>\\n\n\n<p class=\\\"p7\\\"><span class=\\\"s1\\\">11:30\\u201312:30 Do\\u011fa ve Teknik \\u2013 Eyl\\u00fcl Tu\\u011f\\u00e7e Aln\\u0131a\\u00e7\\u0131k \\u00d6zyer \\u2013 <\\\/span><span>Dr. \\u00d6\\u011fr. \\u00dcyesi, T\\u00fcrk-Alman \\u00dcniversitesi<\\\/span><\\\/p>\\n\n\n<p class=\\\"p7\\\"><span class=\\\"s1\\\">12:30\\u201313:30 <i>\\u00d6\\u011fle yeme\\u011fi<\\\/i><\\\/span><\\\/p>\\n\n\n<p class=\\\"p7\\\"><span class=\\\"s1\\\">13:30\\u201314:30 Yeni Bir Toplum: 6G, S\\u00fcrd\\u00fcr\\u00fclebilirlik ve Hukuk \\u2013 Ba\\u015fak Ozan \\u00d6zparlak, <\\\/span><span class=\\\"s1\\\">Avukat<\\\/span><\\\/p>\\n\n\n<p class=\\\"p7\\\"><span class=\\\"s1\\\">14:30\\u201315:30 STS`te Alternatif bir Metodoloji olarak Materyal Tarih Yaz\\u0131m\\u0131 \\u2013 Ezgi Pehlivanl\\u0131, <\\\/span><span class=\\\"s1\\\">Dr., Stavanger \\u00dcniversitesi<\\\/span><\\\/p>\\n\n\n<p class=\\\"p7\\\"><span class=\\\"s1\\\">15:30\\u201315:45<i> Kahve aras\\u0131<\\\/i><\\\/span><\\\/p>\\n\n\n<p class=\\\"p7\\\"><span class=\\\"s1\\\">15:45\\u201316:45 Bilim, Teknoloji ve Sanat \\u2013 Emre S\\u00fcnter, <\\\/span><span>Dr., Ba\\u011f\\u0131ms\\u0131z Ara\\u015ft\\u0131rmac\\u0131<\\\/span><\\\/p>\\n\n\n<p class=\\\"p7\\\"><span class=\\\"s1\\\">16:45\\u201317:45 Teknolojiye Antropolojik bir Bak\\u0131\\u015f \\u2013 Erkan Saka, <\\\/span><span>Prof. Dr., \\u0130stanbul Bilgi \\u00dcniversitesi<\\\/span><\\\/p>\\n\n\n<p>18:00<span class=\\\"s1\\\">\\u2013<\\\/span>19:00 <em>Kokteyl<\\\/em><\\\/p>\\n\n\n<p><\\\/p>\\n\n\n<p class=\\\"p7\\\"><span class=\\\"s1\\\"><b><i>31 Ocak, Sal\\u0131 \\\/ 31 January, Tuesday <\\\/i><\\\/b><\\\/span><\\\/p>\\n\n\n<p><span class=\\\"s1\\\">9:00\\u201309:30 <i>Sabah kahvesi<br \\\/><\\\/i><\\\/span><\\\/p>\\n\n\n<p class=\\\"p7\\\"><span class=\\\"s1\\\">9:30\\u201310:30 STS ve Feminizm \\u2013 \\u015eafak K\\u0131l\\u0131\\u00e7tepe, <\\\/span><span class=\\\"s1\\\">\\u00d6\\u011fr. G\\u00f6r. Dr., Ahi Evran \\u00dcniversitesi <\\\/span><\\\/p>\\n\n\n<p class=\\\"p7\\\"><span class=\\\"s1\\\">10:30\\u201311:30 Teknoloji ve Kapitalizm \\u2013 P\\u0131nar Demircan, <\\\/span><span>Dr., Ba\\u011f\\u0131ms\\u0131z Ara\\u015ft\\u0131rmac\\u0131<\\\/span><\\\/p>\\n\n\n<p class=\\\"p7\\\"><span class=\\\"s1\\\">11:30\\u201312:00 <i>Kahve aras\\u0131<\\\/i><\\\/span><\\\/p>\\n\n\n<p class=\\\"p7\\\"><span class=\\\"s1\\\">12:00\\u201313:00 T\\u0131p ve Teknoloji: Biyomedikalizasyon, Ticarile\\u015fme ve Cerrahi \\u2013 G\\u00fcl\\u015fah Ba\\u015fkavak, <\\\/span><span class=\\\"s1\\\">Dr., Misafir \\u00d6\\u011fr. G\\u00f6r., Ac\\u0131badem \\u00dcniversitesi<\\\/span><\\\/p>\\n\n\n<p class=\\\"p7\\\"><span class=\\\"s1\\\">13:00\\u201314:00 <i>\\u00d6\\u011fle yeme\\u011fi\\\/ Lunch<\\\/i><\\\/span><\\\/p>\\n\n\n<p class=\\\"p7\\\"><span class=\\\"s1\\\">14:00\\u201315:00 Geli\\u015fen Teknolojileri Y\\u00f6nelik STS \\u00c7al\\u0131\\u015fmalar\\u0131: Hidrojen Sistemi \\u00d6rne\\u011fi \\u2013\\u00a0 Iskender G\\u00f6kalp, <\\\/span><span class=\\\"s1\\\">Prof. Dr., Orta Do\\u011fu Teknik \\u00dcniversitesi <\\\/span><\\\/p>\\n\n\n<p class=\\\"p7\\\"><span class=\\\"s1\\\">15:00\\u201316:00 Technology Assessment ve RRI \\u2013 Arsev Umur Ayd\\u0131no\\u011flu, <\\\/span><span>Dr., Orta Do\\u011fu Teknik \\u00dcniversitesi<\\\/span><\\\/p>\",\"margin\":\"default\"}}]}]}]}],\"version\":\"4.5.21\"} --><\/p>\n","protected":false},"excerpt":{"rendered":"<p>D\u00fczenleyenler \/ Organizers: Melike \u015eahinol, Emine \u00d6nc\u00fcler Yayalar,\u00a0 \u015eafak K\u0131l\u0131\u00e7tepe, Arsev Umur Ayd\u0131no\u011flu, Erkan Saka Destekleyen \/ Supporter: Orient-Institut Istanbul Yer \/ Venue: Orient-Institut Istanbul, Susam Sokak 16 D.7, Beyo\u011flu \/ Istanbul *Dersler T\u00fcrk\u00e7e olarak yap\u0131lacakt\u0131r. \/ The lectures will be held in Turkish. STS TURKEY Bilim ve Teknoloji \u00c7al\u0131\u015fmalar\u0131 (STS) Ara\u015ft\u0131rma A\u011f\u0131, \u00fclkemizde Bilim [&hellip;]<\/p>\n","protected":false},"author":1,"featured_media":0,"parent":0,"menu_order":0,"comment_status":"closed","ping_status":"closed","template":"","meta":{"_acf_changed":false,"footnotes":""},"class_list":["post-2516","page","type-page","status-publish","hentry"],"acf":[],"_links":{"self":[{"href":"https:\/\/www.ststurkey.net\/index.php?rest_route=\/wp\/v2\/pages\/2516","targetHints":{"allow":["GET"]}}],"collection":[{"href":"https:\/\/www.ststurkey.net\/index.php?rest_route=\/wp\/v2\/pages"}],"about":[{"href":"https:\/\/www.ststurkey.net\/index.php?rest_route=\/wp\/v2\/types\/page"}],"author":[{"embeddable":true,"href":"https:\/\/www.ststurkey.net\/index.php?rest_route=\/wp\/v2\/users\/1"}],"replies":[{"embeddable":true,"href":"https:\/\/www.ststurkey.net\/index.php?rest_route=%2Fwp%2Fv2%2Fcomments&post=2516"}],"version-history":[{"count":1,"href":"https:\/\/www.ststurkey.net\/index.php?rest_route=\/wp\/v2\/pages\/2516\/revisions"}],"predecessor-version":[{"id":2517,"href":"https:\/\/www.ststurkey.net\/index.php?rest_route=\/wp\/v2\/pages\/2516\/revisions\/2517"}],"wp:attachment":[{"href":"https:\/\/www.ststurkey.net\/index.php?rest_route=%2Fwp%2Fv2%2Fmedia&parent=2516"}],"curies":[{"name":"wp","href":"https:\/\/api.w.org\/{rel}","templated":true}]}}